{"id":38,"date":"2017-08-14T12:11:28","date_gmt":"2017-08-14T12:11:28","guid":{"rendered":"http:\/\/demo.acmethemes.com\/medical-circle\/?page_id=182"},"modified":"2022-07-12T10:56:58","modified_gmt":"2022-07-12T13:56:58","slug":"services","status":"publish","type":"page","link":"https:\/\/promedcardcaetanos.com.br\/site\/services\/","title":{"rendered":"SERVI\u00c7OS"},"content":{"rendered":"<div id=\"pl-38\" class=\"panel-layout\">\n<p><span style=\"font-family: 'arial black', sans-serif;\"><strong><span class=\"brz-cp-color7\" style=\"font-size: 24px;\">A PromedCard se preocupa, desde o in\u00edcio, em tornar acess\u00edvel a medicina diagn\u00f3stica contribuindo para a melhoria da qualidade de vida das localidades onde atua.<\/span><\/strong><\/span><\/p>\n<p style=\"text-align: left;\">-ANESTESISTA\u00a0 \u00a0 \u00a0 \u00a0 \u00a0 \u00a0 \u00a0 \u00a0 \u00a0 \u00a0 \u00a0 \u00a0 \u00a0 \u00a0 \u00a0 \u00a0 \u00a0 \u00a0 \u00a0 \u00a0 \u00a0 \u00a0 \u00a0 \u00a0 \u00a0 \u00a0 \u00a0-OFTALMOLOGISTA<br \/>\n-ANGIOLOGISTA\u00a0 \u00a0 \u00a0 \u00a0 \u00a0 \u00a0 \u00a0 \u00a0 \u00a0 \u00a0 \u00a0 \u00a0 \u00a0 \u00a0 \u00a0 \u00a0 \u00a0 \u00a0 \u00a0 \u00a0 \u00a0 \u00a0 \u00a0 \u00a0 &#8211; ORTOPEDISTA<br \/>\n-CARDIOLOGISTA\u00a0 \u00a0 \u00a0 \u00a0 \u00a0 \u00a0 \u00a0 \u00a0 \u00a0 \u00a0 \u00a0 \u00a0 \u00a0 \u00a0 \u00a0 \u00a0 \u00a0 \u00a0 \u00a0 \u00a0 \u00a0 \u00a0 \u00a0 &#8211; OTORRINOLARINGOLOGISTA<br \/>\n-CIRURGI\u00c3O GERAL\u00a0 \u00a0 \u00a0 \u00a0 \u00a0 \u00a0 \u00a0 \u00a0 \u00a0 \u00a0 \u00a0 \u00a0 \u00a0 \u00a0 \u00a0 \u00a0 \u00a0 \u00a0 \u00a0 \u00a0 \u00a0 -PEDIATRA<br \/>\n-DERMATOLOGISTA\u00a0 \u00a0 \u00a0 \u00a0 \u00a0 \u00a0 \u00a0 \u00a0 \u00a0 \u00a0 \u00a0 \u00a0 \u00a0 \u00a0 \u00a0 \u00a0 \u00a0 \u00a0 \u00a0 \u00a0 \u00a0&#8211; PROCTOLOGISTA<br \/>\n-ENDOCRINOLOGISTA\u00a0 \u00a0 \u00a0 \u00a0 \u00a0 \u00a0 \u00a0 \u00a0 \u00a0 \u00a0 \u00a0 \u00a0 \u00a0 \u00a0 \u00a0 \u00a0 \u00a0 \u00a0 \u00a0-PSIC\u00d3LOGO<br \/>\n-FISOTERAPIA\u00a0 \u00a0 \u00a0 \u00a0 \u00a0 \u00a0 \u00a0 \u00a0 \u00a0 \u00a0 \u00a0 \u00a0 \u00a0 \u00a0 \u00a0 \u00a0 \u00a0 \u00a0 \u00a0 \u00a0 \u00a0 \u00a0 \u00a0 \u00a0 \u00a0 \u00a0 \u00a0&#8211; PSQUIATRA<br \/>\n-GASTROENTEROLOGISTA\u00a0 \u00a0 \u00a0 \u00a0 \u00a0 \u00a0 \u00a0 \u00a0 \u00a0 \u00a0 \u00a0 \u00a0 \u00a0 \u00a0 &#8211; REUMATOLOGISTA<br \/>\n-GERIATRA\u00a0 \u00a0 \u00a0 \u00a0 \u00a0 \u00a0 \u00a0 \u00a0 \u00a0 \u00a0 \u00a0 \u00a0 \u00a0 \u00a0 \u00a0 \u00a0 \u00a0 \u00a0 \u00a0 \u00a0 \u00a0 \u00a0 \u00a0 \u00a0 \u00a0 \u00a0 \u00a0 \u00a0 \u00a0 \u00a0&#8211; UROLOGISTA<br \/>\n-GINECOLOGISTA E OBSTETR\u00cdCIA\u00a0 \u00a0 \u00a0 \u00a0 \u00a0 \u00a0 \u00a0 -EXAMES LABORATORIAIS<br \/>\n-MASTOLOGISTA\u00a0 \u00a0 \u00a0 \u00a0 \u00a0 \u00a0 \u00a0 \u00a0 \u00a0 \u00a0 \u00a0 \u00a0 \u00a0 \u00a0 \u00a0 \u00a0 \u00a0 \u00a0 \u00a0 \u00a0 \u00a0 \u00a0 \u00a0 \u00a0 &#8211; EST\u00c9TICISTA E COSMET\u00d3LOGA<br \/>\n-NEUROLOGISTA\u00a0 \u00a0 \u00a0 \u00a0 \u00a0 \u00a0 \u00a0 \u00a0 \u00a0 \u00a0 \u00a0 \u00a0 \u00a0 \u00a0 \u00a0 \u00a0 \u00a0 \u00a0 \u00a0 \u00a0 \u00a0 \u00a0 \u00a0 \u00a0-NUTRICIONISTA<\/p>\n<\/div>\n","protected":false},"excerpt":{"rendered":"<p>A PromedCard se preocupa, desde o in\u00edcio, em tornar acess\u00edvel a medicina diagn\u00f3stica contribuindo para a melhoria da qualidade de vida das localidades onde atua. -ANESTESISTA\u00a0 \u00a0 \u00a0 \u00a0 \u00a0 \u00a0 \u00a0 \u00a0 \u00a0 \u00a0 \u00a0 \u00a0 \u00a0 \u00a0 \u00a0 \u00a0 \u00a0 \u00a0 \u00a0 \u00a0 \u00a0 \u00a0 \u00a0 \u00a0 \u00a0 \u00a0 \u00a0-OFTALMOLOGISTA -ANGIOLOGISTA\u00a0 \u00a0 \u00a0&hellip;<\/p>\n","protected":false},"author":1,"featured_media":0,"parent":0,"menu_order":0,"comment_status":"closed","ping_status":"closed","template":"","meta":[],"_links":{"self":[{"href":"https:\/\/promedcardcaetanos.com.br\/site\/wp-json\/wp\/v2\/pages\/38"}],"collection":[{"href":"https:\/\/promedcardcaetanos.com.br\/site\/wp-json\/wp\/v2\/pages"}],"about":[{"href":"https:\/\/promedcardcaetanos.com.br\/site\/wp-json\/wp\/v2\/types\/page"}],"author":[{"embeddable":true,"href":"https:\/\/promedcardcaetanos.com.br\/site\/wp-json\/wp\/v2\/users\/1"}],"replies":[{"embeddable":true,"href":"https:\/\/promedcardcaetanos.com.br\/site\/wp-json\/wp\/v2\/comments?post=38"}],"version-history":[{"count":10,"href":"https:\/\/promedcardcaetanos.com.br\/site\/wp-json\/wp\/v2\/pages\/38\/revisions"}],"predecessor-version":[{"id":615,"href":"https:\/\/promedcardcaetanos.com.br\/site\/wp-json\/wp\/v2\/pages\/38\/revisions\/615"}],"wp:attachment":[{"href":"https:\/\/promedcardcaetanos.com.br\/site\/wp-json\/wp\/v2\/media?parent=38"}],"curies":[{"name":"wp","href":"https:\/\/api.w.org\/{rel}","templated":true}]}}