{"id":127,"date":"2017-08-13T07:26:30","date_gmt":"2017-08-13T07:26:30","guid":{"rendered":"http:\/\/demo.acmethemes.com\/medical-circle\/?page_id=97"},"modified":"2022-07-15T10:19:28","modified_gmt":"2022-07-15T13:19:28","slug":"is-there-any-free-service-for-special-people","status":"publish","type":"page","link":"https:\/\/promedcardcaetanos.com.br\/site\/is-there-any-free-service-for-special-people\/","title":{"rendered":"Como posso ter o meu Plano?"},"content":{"rendered":"<p>O contratante pagar\u00e1 uma taxa de ades\u00e3o no valor de: R$ 50,00 (cinquenta reais) e R$ 35,00 (trinta e cinco reais) mensal podendo incluir at\u00e9 3 (tr\u00eas) dependentes.<\/p>\n","protected":false},"excerpt":{"rendered":"<p>O contratante pagar\u00e1 uma taxa de ades\u00e3o no valor de: R$ 50,00 (cinquenta reais) e R$ 35,00 (trinta e cinco reais) mensal podendo incluir at\u00e9 3 (tr\u00eas) dependentes.<\/p>\n","protected":false},"author":1,"featured_media":0,"parent":0,"menu_order":0,"comment_status":"closed","ping_status":"closed","template":"","meta":[],"_links":{"self":[{"href":"https:\/\/promedcardcaetanos.com.br\/site\/wp-json\/wp\/v2\/pages\/127"}],"collection":[{"href":"https:\/\/promedcardcaetanos.com.br\/site\/wp-json\/wp\/v2\/pages"}],"about":[{"href":"https:\/\/promedcardcaetanos.com.br\/site\/wp-json\/wp\/v2\/types\/page"}],"author":[{"embeddable":true,"href":"https:\/\/promedcardcaetanos.com.br\/site\/wp-json\/wp\/v2\/users\/1"}],"replies":[{"embeddable":true,"href":"https:\/\/promedcardcaetanos.com.br\/site\/wp-json\/wp\/v2\/comments?post=127"}],"version-history":[{"count":5,"href":"https:\/\/promedcardcaetanos.com.br\/site\/wp-json\/wp\/v2\/pages\/127\/revisions"}],"predecessor-version":[{"id":675,"href":"https:\/\/promedcardcaetanos.com.br\/site\/wp-json\/wp\/v2\/pages\/127\/revisions\/675"}],"wp:attachment":[{"href":"https:\/\/promedcardcaetanos.com.br\/site\/wp-json\/wp\/v2\/media?parent=127"}],"curies":[{"name":"wp","href":"https:\/\/api.w.org\/{rel}","templated":true}]}}